{"id":208,"date":"2024-07-28T14:10:38","date_gmt":"2024-07-28T13:10:38","guid":{"rendered":"https:\/\/voilareunion.re\/?page_id=208"},"modified":"2024-09-27T14:17:04","modified_gmt":"2024-09-27T13:17:04","slug":"pauschalreisen-nach-la-reunion","status":"publish","type":"page","link":"https:\/\/voilareunion.re\/?page_id=208","title":{"rendered":"Pauschalreisen nach La Reunion"},"content":{"rendered":"\n<div class=\"row\"  id=\"row-1210470520\">\n\n\n\t<div id=\"col-850128789\" class=\"col medium-8 small-12 large-8\"  >\n\t\t\t\t<div class=\"col-inner\"  >\n\t\t\t\n\t\t\t\n\n\t<div class=\"img has-hover x md-x lg-x y md-y lg-y\" id=\"image_845967436\">\n\t\t\t\t\t\t\t\t<div class=\"img-inner dark\" >\n\t\t\t<img loading=\"lazy\" decoding=\"async\" width=\"1020\" height=\"255\" src=\"https:\/\/voilareunion.re\/wp-content\/uploads\/2024\/08\/3-1-1024x256.jpg\" class=\"attachment-large size-large\" alt=\"\" srcset=\"https:\/\/voilareunion.re\/wp-content\/uploads\/2024\/08\/3-1-1024x256.jpg 1024w, https:\/\/voilareunion.re\/wp-content\/uploads\/2024\/08\/3-1-300x75.jpg 300w, https:\/\/voilareunion.re\/wp-content\/uploads\/2024\/08\/3-1-768x192.jpg 768w, https:\/\/voilareunion.re\/wp-content\/uploads\/2024\/08\/3-1-1536x384.jpg 1536w, https:\/\/voilareunion.re\/wp-content\/uploads\/2024\/08\/3-1.jpg 1584w\" sizes=\"auto, (max-width: 1020px) 100vw, 1020px\" \/>\t\t\t\t\t\t\n\t\t\t\t\t<\/div>\n\t\t\t\t\t\t\t\t\n<style>\n#image_845967436 {\n  width: 100%;\n}\n<\/style>\n\t<\/div>\n\t\n\n<div class=\"container section-title-container\" ><h1 class=\"section-title section-title-normal\"><b><\/b><span class=\"section-title-main\" >Planen Sie Ihre Traumreise nach La R\u00e9union<\/span><b><\/b><\/h1><\/div>\n\n<p>Eine Reise selbst zu planen, kann sehr zeitaufw\u00e4ndig sein. Besonders auf La R\u00e9union, wo jede Reiseetappe gut durchdacht sein muss, um die vielf\u00e4ltigen Facetten der Insel zu erleben. Von den majest\u00e4tischen Vulkanlandschaften bis hin zu den traumhaften Str\u00e4nden und den lebhaften M\u00e4rkten \u2013 die Insel hat so viel zu bieten!<\/p>\n<p>Um Ihnen diesen Zeitaufwand zu ersparen, gibt es zahlreiche Pauschalreisen, die nach La R\u00e9union angeboten werden. Diese Pakete sind perfekt auf Ihre Bed\u00fcrfnisse abgestimmt und erm\u00f6glichen es Ihnen, die sch\u00f6nsten Seiten der Insel stressfrei zu genie\u00dfen.<\/p>\n<p>Wir arbeiten derzeit an einer umfassenden Auswahl der besten Anbieter f\u00fcr Pauschalreisen nach La R\u00e9union, die wir bald hier ver\u00f6ffentlichen werden. Freuen Sie sich auf sorgf\u00e4ltig zusammengestellte Angebote, die Ihnen unvergessliche Erlebnisse auf dieser bezaubernden Insel garantieren.<\/p>\n<p>Bleiben Sie dran und lassen Sie sich inspirieren \u2013 Ihre Traumreise nach La R\u00e9union ist nur noch einen Klick entfernt! \ud83c\udf34\u2708\ufe0f<\/p>\n\n\t\t<\/div>\n\t\t\t\t\t<\/div>\n\n\t\n\n\t<div id=\"col-1715570577\" class=\"col medium-4 small-12 large-4\"  >\n\t\t\t\t<div class=\"col-inner\"  >\n\t\t\t\n\t\t\t\n\n<div class=\"row\"  id=\"row-1948011359\">\n\n\n\t<div id=\"col-386400446\" class=\"col small-12 large-12\"  >\n\t\t\t\t<div class=\"col-inner\"  >\n\t\t\t\n\t\t\t\n\n<div class=\"container section-title-container\" style=\"margin-bottom:0px;\"><h3 class=\"section-title section-title-normal\"><b><\/b><span class=\"section-title-main\" >Unterk\u00fcnfte vergleichen<\/span><b><\/b><\/h3><\/div>\n\n\n\n<a rel=\"sponsored\" href=\"https:\/\/www.awin1.com\/cread.php?s=3738127&v=105923&q=500427&r=1734309\"><br \/>\n    <img decoding=\"async\" src=\"https:\/\/www.awin1.com\/cshow.php?s=3738127&v=105923&q=500427&r=1734309\" border=\"0\"><br \/>\n<\/a>\n\n\t<div id=\"gap-1665157523\" class=\"gap-element clearfix\" style=\"display:block; height:auto;\">\n\t\t\n<style>\n#gap-1665157523 {\n  padding-top: 30px;\n}\n<\/style>\n\t<\/div>\n\t\n\n<div class=\"container section-title-container\" ><h3 class=\"section-title section-title-normal\"><b><\/b><span class=\"section-title-main\" >Mehr<\/span><b><\/b><\/h3><\/div>\n\n\t<div class=\"img has-hover x md-x lg-x y md-y lg-y\" id=\"image_1934687233\">\n\t\t\t\t\t\t\t\t<div class=\"img-inner dark\" >\n\t\t\t<img loading=\"lazy\" decoding=\"async\" width=\"1020\" height=\"255\" src=\"https:\/\/voilareunion.re\/wp-content\/uploads\/2024\/07\/Touren-La-Reunion-1024x256.png\" class=\"attachment-large size-large\" alt=\"Touren, Aktivitaeten, Guides\" srcset=\"https:\/\/voilareunion.re\/wp-content\/uploads\/2024\/07\/Touren-La-Reunion-1024x256.png 1024w, https:\/\/voilareunion.re\/wp-content\/uploads\/2024\/07\/Touren-La-Reunion-300x75.png 300w, https:\/\/voilareunion.re\/wp-content\/uploads\/2024\/07\/Touren-La-Reunion-768x192.png 768w, https:\/\/voilareunion.re\/wp-content\/uploads\/2024\/07\/Touren-La-Reunion-1536x384.png 1536w, https:\/\/voilareunion.re\/wp-content\/uploads\/2024\/07\/Touren-La-Reunion.png 1584w\" sizes=\"auto, (max-width: 1020px) 100vw, 1020px\" \/>\t\t\t\t\t\t\n\t\t\t\t\t<\/div>\n\t\t\t\t\t\t\t\t\n<style>\n#image_1934687233 {\n  width: 100%;\n}\n<\/style>\n\t<\/div>\n\t\n\n\t<div class=\"img has-hover x md-x lg-x y md-y lg-y\" id=\"image_1544808078\">\n\t\t\t\t\t\t\t\t<div class=\"img-inner dark\" >\n\t\t\t<img loading=\"lazy\" decoding=\"async\" width=\"1020\" height=\"255\" src=\"https:\/\/voilareunion.re\/wp-content\/uploads\/2024\/07\/Pauschalreisen-La-Reunion-1024x256.png\" class=\"attachment-large size-large\" alt=\"Pauschalreisen, Ferienpakete, Kreuzfahrtschiffe und mehr\" srcset=\"https:\/\/voilareunion.re\/wp-content\/uploads\/2024\/07\/Pauschalreisen-La-Reunion-1024x256.png 1024w, https:\/\/voilareunion.re\/wp-content\/uploads\/2024\/07\/Pauschalreisen-La-Reunion-300x75.png 300w, https:\/\/voilareunion.re\/wp-content\/uploads\/2024\/07\/Pauschalreisen-La-Reunion-768x192.png 768w, https:\/\/voilareunion.re\/wp-content\/uploads\/2024\/07\/Pauschalreisen-La-Reunion-1536x384.png 1536w, https:\/\/voilareunion.re\/wp-content\/uploads\/2024\/07\/Pauschalreisen-La-Reunion.png 1584w\" sizes=\"auto, (max-width: 1020px) 100vw, 1020px\" \/>\t\t\t\t\t\t\n\t\t\t\t\t<\/div>\n\t\t\t\t\t\t\t\t\n<style>\n#image_1544808078 {\n  width: 100%;\n}\n<\/style>\n\t<\/div>\n\t\n\n\t<div class=\"img has-hover x md-x lg-x y md-y lg-y\" id=\"image_376460069\">\n\t\t\t\t\t\t\t\t<div class=\"img-inner dark\" >\n\t\t\t<img loading=\"lazy\" decoding=\"async\" width=\"1020\" height=\"255\" src=\"https:\/\/voilareunion.re\/wp-content\/uploads\/2024\/07\/Fluege-La-Reunion-1024x256.png\" class=\"attachment-large size-large\" alt=\"Fluege, Flug, Flugzeuge, Reisen\" srcset=\"https:\/\/voilareunion.re\/wp-content\/uploads\/2024\/07\/Fluege-La-Reunion-1024x256.png 1024w, https:\/\/voilareunion.re\/wp-content\/uploads\/2024\/07\/Fluege-La-Reunion-300x75.png 300w, https:\/\/voilareunion.re\/wp-content\/uploads\/2024\/07\/Fluege-La-Reunion-768x192.png 768w, https:\/\/voilareunion.re\/wp-content\/uploads\/2024\/07\/Fluege-La-Reunion-1536x384.png 1536w, https:\/\/voilareunion.re\/wp-content\/uploads\/2024\/07\/Fluege-La-Reunion.png 1584w\" sizes=\"auto, (max-width: 1020px) 100vw, 1020px\" \/>\t\t\t\t\t\t\n\t\t\t\t\t<\/div>\n\t\t\t\t\t\t\t\t\n<style>\n#image_376460069 {\n  width: 100%;\n}\n<\/style>\n\t<\/div>\n\t\n\n\t<div class=\"img has-hover x md-x lg-x y md-y lg-y\" id=\"image_1947137781\">\n\t\t\t\t\t\t\t\t<div class=\"img-inner dark\" >\n\t\t\t<img loading=\"lazy\" decoding=\"async\" width=\"1020\" height=\"255\" src=\"https:\/\/voilareunion.re\/wp-content\/uploads\/2024\/07\/Ferienunterkuenfte-La-Reunion-1024x256.png\" class=\"attachment-large size-large\" alt=\"Unterkuenfte, Ferienwohnungen, Hotels und mehr\" srcset=\"https:\/\/voilareunion.re\/wp-content\/uploads\/2024\/07\/Ferienunterkuenfte-La-Reunion-1024x256.png 1024w, https:\/\/voilareunion.re\/wp-content\/uploads\/2024\/07\/Ferienunterkuenfte-La-Reunion-300x75.png 300w, https:\/\/voilareunion.re\/wp-content\/uploads\/2024\/07\/Ferienunterkuenfte-La-Reunion-768x192.png 768w, https:\/\/voilareunion.re\/wp-content\/uploads\/2024\/07\/Ferienunterkuenfte-La-Reunion-1536x384.png 1536w, https:\/\/voilareunion.re\/wp-content\/uploads\/2024\/07\/Ferienunterkuenfte-La-Reunion.png 1584w\" sizes=\"auto, (max-width: 1020px) 100vw, 1020px\" \/>\t\t\t\t\t\t\n\t\t\t\t\t<\/div>\n\t\t\t\t\t\t\t\t\n<style>\n#image_1947137781 {\n  width: 100%;\n}\n<\/style>\n\t<\/div>\n\t\n\n\t<div class=\"img has-hover x md-x lg-x y md-y lg-y\" id=\"image_549801554\">\n\t\t\t\t\t\t\t\t<div class=\"img-inner dark\" >\n\t\t\t<img loading=\"lazy\" decoding=\"async\" width=\"1020\" height=\"255\" src=\"https:\/\/voilareunion.re\/wp-content\/uploads\/2024\/07\/Autovermietung-La-Reunion-1024x256.png\" class=\"attachment-large size-large\" alt=\"Autovermietung, Auto mieten, Fahrzeuge, Autovermietung\" srcset=\"https:\/\/voilareunion.re\/wp-content\/uploads\/2024\/07\/Autovermietung-La-Reunion-1024x256.png 1024w, https:\/\/voilareunion.re\/wp-content\/uploads\/2024\/07\/Autovermietung-La-Reunion-300x75.png 300w, https:\/\/voilareunion.re\/wp-content\/uploads\/2024\/07\/Autovermietung-La-Reunion-768x192.png 768w, https:\/\/voilareunion.re\/wp-content\/uploads\/2024\/07\/Autovermietung-La-Reunion-1536x384.png 1536w, https:\/\/voilareunion.re\/wp-content\/uploads\/2024\/07\/Autovermietung-La-Reunion.png 1584w\" sizes=\"auto, (max-width: 1020px) 100vw, 1020px\" \/>\t\t\t\t\t\t\n\t\t\t\t\t<\/div>\n\t\t\t\t\t\t\t\t\n<style>\n#image_549801554 {\n  width: 100%;\n}\n<\/style>\n\t<\/div>\n\t\n\n\t<div id=\"gap-825478989\" class=\"gap-element clearfix\" style=\"display:block; height:auto;\">\n\t\t\n<style>\n#gap-825478989 {\n  padding-top: 50px;\n}\n<\/style>\n\t<\/div>\n\t\n\n<div class=\"container section-title-container\" ><h3 class=\"section-title section-title-normal\"><b><\/b><span class=\"section-title-main\" >Blog<\/span><b><\/b><\/h3><\/div>\n\n\n  \n    <div class=\"row large-columns-2 medium-columns-1 small-columns-1 slider row-slider slider-nav-reveal slider-nav-push\"  data-flickity-options='{&quot;imagesLoaded&quot;: true, &quot;groupCells&quot;: &quot;100%&quot;, &quot;dragThreshold&quot; : 5, &quot;cellAlign&quot;: &quot;left&quot;,&quot;wrapAround&quot;: true,&quot;prevNextButtons&quot;: true,&quot;percentPosition&quot;: true,&quot;pageDots&quot;: false, &quot;rightToLeft&quot;: false, &quot;autoPlay&quot; : false}' >\n\n  <div class=\"col post-item\" >\n\t\t\t<div class=\"col-inner\">\n\t\t\t\t<div class=\"box box-normal box-text-bottom box-blog-post has-hover\">\n            \t\t\t\t\t<div class=\"box-image\" >\n  \t\t\t\t\t\t<div class=\"image-cover\" style=\"padding-top:56.25%;\">\n\t\t\t\t\t\t\t<a href=\"https:\/\/voilareunion.re\/?p=1217\" class=\"plain\" aria-label=\"Wer ist Grand-m\u00e8re Kalle? Das Geheimnis der unheimlichsten Legende von La R\u00e9union\">\n\t\t\t\t\t\t\t\t<img loading=\"lazy\" decoding=\"async\" width=\"300\" height=\"300\" src=\"https:\/\/voilareunion.re\/wp-content\/uploads\/2024\/10\/3-300x300.png\" class=\"attachment-medium size-medium wp-post-image\" alt=\"SagenLaReunnion\" srcset=\"https:\/\/voilareunion.re\/wp-content\/uploads\/2024\/10\/3-300x300.png 300w, https:\/\/voilareunion.re\/wp-content\/uploads\/2024\/10\/3-1024x1024.png 1024w, https:\/\/voilareunion.re\/wp-content\/uploads\/2024\/10\/3-150x150.png 150w, https:\/\/voilareunion.re\/wp-content\/uploads\/2024\/10\/3-768x768.png 768w, https:\/\/voilareunion.re\/wp-content\/uploads\/2024\/10\/3.png 1080w\" sizes=\"auto, (max-width: 300px) 100vw, 300px\" \/>\t\t\t\t\t\t\t<\/a>\n  \t\t\t\t\t\t\t  \t\t\t\t\t\t\t  \t\t\t\t\t\t<\/div>\n  \t\t\t\t\t\t  \t\t\t\t\t<\/div>\n          \t\t\t\t\t<div class=\"box-text text-center\" >\n\t\t\t\t\t<div class=\"box-text-inner blog-post-inner\">\n\n\t\t\t\t\t\n\t\t\t\t\t\t\t\t\t\t<h5 class=\"post-title is-large \">\n\t\t\t\t\t\t<a href=\"https:\/\/voilareunion.re\/?p=1217\" class=\"plain\">Wer ist Grand-m\u00e8re Kalle? Das Geheimnis der unheimlichsten Legende von La R\u00e9union<\/a>\n\t\t\t\t\t<\/h5>\n\t\t\t\t\t\t\t\t\t\t<div class=\"is-divider\"><\/div>\n\t\t\t\t\t                    \n\t\t\t\t\t\n\t\t\t\t\t\n\t\t\t\t\t<\/div>\n\t\t\t\t\t<\/div>\n\t\t\t\t\t\t\t\t\t<\/div>\n\t\t\t<\/div>\n\t\t<\/div><div class=\"col post-item\" >\n\t\t\t<div class=\"col-inner\">\n\t\t\t\t<div class=\"box box-normal box-text-bottom box-blog-post has-hover\">\n            \t\t\t\t\t<div class=\"box-image\" >\n  \t\t\t\t\t\t<div class=\"image-cover\" style=\"padding-top:56.25%;\">\n\t\t\t\t\t\t\t<a href=\"https:\/\/voilareunion.re\/?p=1177\" class=\"plain\" aria-label=\"Der Talkessel Cilaos: Ein idyllisches Bergparadies auf R\u00e9union\">\n\t\t\t\t\t\t\t\t<img loading=\"lazy\" decoding=\"async\" width=\"300\" height=\"202\" src=\"https:\/\/voilareunion.re\/wp-content\/uploads\/2024\/10\/Cilaos-1-300x202.png\" class=\"attachment-medium size-medium wp-post-image\" alt=\"Der Talkessel Cilaos\" srcset=\"https:\/\/voilareunion.re\/wp-content\/uploads\/2024\/10\/Cilaos-1-300x202.png 300w, https:\/\/voilareunion.re\/wp-content\/uploads\/2024\/10\/Cilaos-1-1024x690.png 1024w, https:\/\/voilareunion.re\/wp-content\/uploads\/2024\/10\/Cilaos-1-768x518.png 768w, https:\/\/voilareunion.re\/wp-content\/uploads\/2024\/10\/Cilaos-1.png 1080w\" sizes=\"auto, (max-width: 300px) 100vw, 300px\" \/>\t\t\t\t\t\t\t<\/a>\n  \t\t\t\t\t\t\t  \t\t\t\t\t\t\t  \t\t\t\t\t\t<\/div>\n  \t\t\t\t\t\t  \t\t\t\t\t<\/div>\n          \t\t\t\t\t<div class=\"box-text text-center\" >\n\t\t\t\t\t<div class=\"box-text-inner blog-post-inner\">\n\n\t\t\t\t\t\n\t\t\t\t\t\t\t\t\t\t<h5 class=\"post-title is-large \">\n\t\t\t\t\t\t<a href=\"https:\/\/voilareunion.re\/?p=1177\" class=\"plain\">Der Talkessel Cilaos: Ein idyllisches Bergparadies auf R\u00e9union<\/a>\n\t\t\t\t\t<\/h5>\n\t\t\t\t\t\t\t\t\t\t<div class=\"is-divider\"><\/div>\n\t\t\t\t\t                    \n\t\t\t\t\t\n\t\t\t\t\t\n\t\t\t\t\t<\/div>\n\t\t\t\t\t<\/div>\n\t\t\t\t\t\t\t\t\t<\/div>\n\t\t\t<\/div>\n\t\t<\/div><div class=\"col post-item\" >\n\t\t\t<div class=\"col-inner\">\n\t\t\t\t<div class=\"box box-normal box-text-bottom box-blog-post has-hover\">\n            \t\t\t\t\t<div class=\"box-image\" >\n  \t\t\t\t\t\t<div class=\"image-cover\" style=\"padding-top:56.25%;\">\n\t\t\t\t\t\t\t<a href=\"https:\/\/voilareunion.re\/?p=1139\" class=\"plain\" aria-label=\"Wale in La R\u00e9union: Ein Wunder der Natur\">\n\t\t\t\t\t\t\t\t<img loading=\"lazy\" decoding=\"async\" width=\"300\" height=\"247\" src=\"https:\/\/voilareunion.re\/wp-content\/uploads\/2024\/10\/PicWhaleVideo-1-300x247.jpg\" class=\"attachment-medium size-medium wp-post-image\" alt=\"\" srcset=\"https:\/\/voilareunion.re\/wp-content\/uploads\/2024\/10\/PicWhaleVideo-1-300x247.jpg 300w, https:\/\/voilareunion.re\/wp-content\/uploads\/2024\/10\/PicWhaleVideo-1.jpg 524w\" sizes=\"auto, (max-width: 300px) 100vw, 300px\" \/>\t\t\t\t\t\t\t<\/a>\n  \t\t\t\t\t\t\t  \t\t\t\t\t\t\t  \t\t\t\t\t\t<\/div>\n  \t\t\t\t\t\t  \t\t\t\t\t<\/div>\n          \t\t\t\t\t<div class=\"box-text text-center\" >\n\t\t\t\t\t<div class=\"box-text-inner blog-post-inner\">\n\n\t\t\t\t\t\n\t\t\t\t\t\t\t\t\t\t<h5 class=\"post-title is-large \">\n\t\t\t\t\t\t<a href=\"https:\/\/voilareunion.re\/?p=1139\" class=\"plain\">Wale in La R\u00e9union: Ein Wunder der Natur<\/a>\n\t\t\t\t\t<\/h5>\n\t\t\t\t\t\t\t\t\t\t<div class=\"is-divider\"><\/div>\n\t\t\t\t\t                    \n\t\t\t\t\t\n\t\t\t\t\t\n\t\t\t\t\t<\/div>\n\t\t\t\t\t<\/div>\n\t\t\t\t\t\t\t\t\t<\/div>\n\t\t\t<\/div>\n\t\t<\/div><div class=\"col post-item\" >\n\t\t\t<div class=\"col-inner\">\n\t\t\t\t<div class=\"box box-normal box-text-bottom box-blog-post has-hover\">\n            \t\t\t\t\t<div class=\"box-image\" >\n  \t\t\t\t\t\t<div class=\"image-cover\" style=\"padding-top:56.25%;\">\n\t\t\t\t\t\t\t<a href=\"https:\/\/voilareunion.re\/?p=1109\" class=\"plain\" aria-label=\"Wetter auf La R\u00e9union: Ein umfassender \u00dcberblick\">\n\t\t\t\t\t\t\t\t<img loading=\"lazy\" decoding=\"async\" width=\"300\" height=\"75\" src=\"https:\/\/voilareunion.re\/wp-content\/uploads\/2024\/10\/WeatherReunion-300x75.jpg\" class=\"attachment-medium size-medium wp-post-image\" alt=\"\" srcset=\"https:\/\/voilareunion.re\/wp-content\/uploads\/2024\/10\/WeatherReunion-300x75.jpg 300w, https:\/\/voilareunion.re\/wp-content\/uploads\/2024\/10\/WeatherReunion-1024x256.jpg 1024w, https:\/\/voilareunion.re\/wp-content\/uploads\/2024\/10\/WeatherReunion-768x192.jpg 768w, https:\/\/voilareunion.re\/wp-content\/uploads\/2024\/10\/WeatherReunion-1536x384.jpg 1536w, https:\/\/voilareunion.re\/wp-content\/uploads\/2024\/10\/WeatherReunion.jpg 1584w\" sizes=\"auto, (max-width: 300px) 100vw, 300px\" \/>\t\t\t\t\t\t\t<\/a>\n  \t\t\t\t\t\t\t  \t\t\t\t\t\t\t  \t\t\t\t\t\t<\/div>\n  \t\t\t\t\t\t  \t\t\t\t\t<\/div>\n          \t\t\t\t\t<div class=\"box-text text-center\" >\n\t\t\t\t\t<div class=\"box-text-inner blog-post-inner\">\n\n\t\t\t\t\t\n\t\t\t\t\t\t\t\t\t\t<h5 class=\"post-title is-large \">\n\t\t\t\t\t\t<a href=\"https:\/\/voilareunion.re\/?p=1109\" class=\"plain\">Wetter auf La R\u00e9union: Ein umfassender \u00dcberblick<\/a>\n\t\t\t\t\t<\/h5>\n\t\t\t\t\t\t\t\t\t\t<div class=\"is-divider\"><\/div>\n\t\t\t\t\t                    \n\t\t\t\t\t\n\t\t\t\t\t\n\t\t\t\t\t<\/div>\n\t\t\t\t\t<\/div>\n\t\t\t\t\t\t\t\t\t<\/div>\n\t\t\t<\/div>\n\t\t<\/div><div class=\"col post-item\" >\n\t\t\t<div class=\"col-inner\">\n\t\t\t\t<div class=\"box box-normal box-text-bottom box-blog-post has-hover\">\n            \t\t\t\t\t<div class=\"box-image\" >\n  \t\t\t\t\t\t<div class=\"image-cover\" style=\"padding-top:56.25%;\">\n\t\t\t\t\t\t\t<a href=\"https:\/\/voilareunion.re\/?p=268\" class=\"plain\" aria-label=\"Fl\u00fcge nach La Reunion: Ihr Guide zur Anreise\">\n\t\t\t\t\t\t\t\t<img loading=\"lazy\" decoding=\"async\" width=\"300\" height=\"200\" src=\"https:\/\/voilareunion.re\/wp-content\/uploads\/2024\/04\/Reunion-300x200.jpg\" class=\"attachment-medium size-medium wp-post-image\" alt=\"\" srcset=\"https:\/\/voilareunion.re\/wp-content\/uploads\/2024\/04\/Reunion-300x200.jpg 300w, https:\/\/voilareunion.re\/wp-content\/uploads\/2024\/04\/Reunion-1024x681.jpg 1024w, https:\/\/voilareunion.re\/wp-content\/uploads\/2024\/04\/Reunion-768x511.jpg 768w, https:\/\/voilareunion.re\/wp-content\/uploads\/2024\/04\/Reunion-1536x1022.jpg 1536w, https:\/\/voilareunion.re\/wp-content\/uploads\/2024\/04\/Reunion-2048x1362.jpg 2048w\" sizes=\"auto, (max-width: 300px) 100vw, 300px\" \/>\t\t\t\t\t\t\t<\/a>\n  \t\t\t\t\t\t\t  \t\t\t\t\t\t\t  \t\t\t\t\t\t<\/div>\n  \t\t\t\t\t\t  \t\t\t\t\t<\/div>\n          \t\t\t\t\t<div class=\"box-text text-center\" >\n\t\t\t\t\t<div class=\"box-text-inner blog-post-inner\">\n\n\t\t\t\t\t\n\t\t\t\t\t\t\t\t\t\t<h5 class=\"post-title is-large \">\n\t\t\t\t\t\t<a href=\"https:\/\/voilareunion.re\/?p=268\" class=\"plain\">Fl\u00fcge nach La Reunion: Ihr Guide zur Anreise<\/a>\n\t\t\t\t\t<\/h5>\n\t\t\t\t\t\t\t\t\t\t<div class=\"is-divider\"><\/div>\n\t\t\t\t\t                    \n\t\t\t\t\t\n\t\t\t\t\t\n\t\t\t\t\t<\/div>\n\t\t\t\t\t<\/div>\n\t\t\t\t\t\t\t\t\t<\/div>\n\t\t\t<\/div>\n\t\t<\/div><div class=\"col post-item\" >\n\t\t\t<div class=\"col-inner\">\n\t\t\t\t<div class=\"box box-normal box-text-bottom box-blog-post has-hover\">\n            \t\t\t\t\t<div class=\"box-image\" >\n  \t\t\t\t\t\t<div class=\"image-cover\" style=\"padding-top:56.25%;\">\n\t\t\t\t\t\t\t<a href=\"https:\/\/voilareunion.re\/?p=542\" class=\"plain\" aria-label=\"Der Vulkan auf der Insel La R\u00e9union: Ein Naturspektakel der Extraklasse\">\n\t\t\t\t\t\t\t\t<img loading=\"lazy\" decoding=\"async\" width=\"300\" height=\"161\" src=\"https:\/\/voilareunion.re\/wp-content\/uploads\/2024\/07\/volcano-reunion123-300x161.jpg\" class=\"attachment-medium size-medium wp-post-image\" alt=\"\" srcset=\"https:\/\/voilareunion.re\/wp-content\/uploads\/2024\/07\/volcano-reunion123-300x161.jpg 300w, https:\/\/voilareunion.re\/wp-content\/uploads\/2024\/07\/volcano-reunion123-768x413.jpg 768w, https:\/\/voilareunion.re\/wp-content\/uploads\/2024\/07\/volcano-reunion123.jpg 1000w\" sizes=\"auto, (max-width: 300px) 100vw, 300px\" \/>\t\t\t\t\t\t\t<\/a>\n  \t\t\t\t\t\t\t  \t\t\t\t\t\t\t  \t\t\t\t\t\t<\/div>\n  \t\t\t\t\t\t  \t\t\t\t\t<\/div>\n          \t\t\t\t\t<div class=\"box-text text-center\" >\n\t\t\t\t\t<div class=\"box-text-inner blog-post-inner\">\n\n\t\t\t\t\t\n\t\t\t\t\t\t\t\t\t\t<h5 class=\"post-title is-large \">\n\t\t\t\t\t\t<a href=\"https:\/\/voilareunion.re\/?p=542\" class=\"plain\">Der Vulkan auf der Insel La R\u00e9union: Ein Naturspektakel der Extraklasse<\/a>\n\t\t\t\t\t<\/h5>\n\t\t\t\t\t\t\t\t\t\t<div class=\"is-divider\"><\/div>\n\t\t\t\t\t                    \n\t\t\t\t\t\n\t\t\t\t\t\n\t\t\t\t\t<\/div>\n\t\t\t\t\t<\/div>\n\t\t\t\t\t\t\t\t\t<\/div>\n\t\t\t<\/div>\n\t\t<\/div><div class=\"col post-item\" >\n\t\t\t<div class=\"col-inner\">\n\t\t\t\t<div class=\"box box-normal box-text-bottom box-blog-post has-hover\">\n            \t\t\t\t\t<div class=\"box-image\" >\n  \t\t\t\t\t\t<div class=\"image-cover\" style=\"padding-top:56.25%;\">\n\t\t\t\t\t\t\t<a href=\"https:\/\/voilareunion.re\/?p=131\" class=\"plain\" aria-label=\"Die Bourbon-Vanille und die Vanilleplantagen auf La Reunion\">\n\t\t\t\t\t\t\t\t<img loading=\"lazy\" decoding=\"async\" width=\"300\" height=\"202\" src=\"https:\/\/voilareunion.re\/wp-content\/uploads\/2024\/07\/Vanilla-Pods-300x202.png\" class=\"attachment-medium size-medium wp-post-image\" alt=\"\" srcset=\"https:\/\/voilareunion.re\/wp-content\/uploads\/2024\/07\/Vanilla-Pods-300x202.png 300w, https:\/\/voilareunion.re\/wp-content\/uploads\/2024\/07\/Vanilla-Pods.png 589w\" sizes=\"auto, (max-width: 300px) 100vw, 300px\" \/>\t\t\t\t\t\t\t<\/a>\n  \t\t\t\t\t\t\t  \t\t\t\t\t\t\t  \t\t\t\t\t\t<\/div>\n  \t\t\t\t\t\t  \t\t\t\t\t<\/div>\n          \t\t\t\t\t<div class=\"box-text text-center\" >\n\t\t\t\t\t<div class=\"box-text-inner blog-post-inner\">\n\n\t\t\t\t\t\n\t\t\t\t\t\t\t\t\t\t<h5 class=\"post-title is-large \">\n\t\t\t\t\t\t<a href=\"https:\/\/voilareunion.re\/?p=131\" class=\"plain\">Die Bourbon-Vanille und die Vanilleplantagen auf La Reunion<\/a>\n\t\t\t\t\t<\/h5>\n\t\t\t\t\t\t\t\t\t\t<div class=\"is-divider\"><\/div>\n\t\t\t\t\t                    \n\t\t\t\t\t\n\t\t\t\t\t\n\t\t\t\t\t<\/div>\n\t\t\t\t\t<\/div>\n\t\t\t\t\t\t\t\t\t<\/div>\n\t\t\t<\/div>\n\t\t<\/div><\/div>\n\n\n\t\t<\/div>\n\t\t\t\t\t<\/div>\n\n\t\n\n<\/div>\n\n\n\t\t<\/div>\n\t\t\t\t\t<\/div>\n\n\t\n\n<\/div>\n\n","protected":false},"excerpt":{"rendered":"","protected":false},"author":2,"featured_media":0,"parent":0,"menu_order":0,"comment_status":"closed","ping_status":"closed","template":"","meta":{"footnotes":""},"yst_prominent_words":[44,59,52,54,47,36,17,34,40],"class_list":["post-208","page","type-page","status-publish","hentry"],"_links":{"self":[{"href":"https:\/\/voilareunion.re\/index.php?rest_route=\/wp\/v2\/pages\/208","targetHints":{"allow":["GET"]}}],"collection":[{"href":"https:\/\/voilareunion.re\/index.php?rest_route=\/wp\/v2\/pages"}],"about":[{"href":"https:\/\/voilareunion.re\/index.php?rest_route=\/wp\/v2\/types\/page"}],"author":[{"embeddable":true,"href":"https:\/\/voilareunion.re\/index.php?rest_route=\/wp\/v2\/users\/2"}],"replies":[{"embeddable":true,"href":"https:\/\/voilareunion.re\/index.php?rest_route=%2Fwp%2Fv2%2Fcomments&post=208"}],"version-history":[{"count":7,"href":"https:\/\/voilareunion.re\/index.php?rest_route=\/wp\/v2\/pages\/208\/revisions"}],"predecessor-version":[{"id":1077,"href":"https:\/\/voilareunion.re\/index.php?rest_route=\/wp\/v2\/pages\/208\/revisions\/1077"}],"wp:attachment":[{"href":"https:\/\/voilareunion.re\/index.php?rest_route=%2Fwp%2Fv2%2Fmedia&parent=208"}],"wp:term":[{"taxonomy":"yst_prominent_words","embeddable":true,"href":"https:\/\/voilareunion.re\/index.php?rest_route=%2Fwp%2Fv2%2Fyst_prominent_words&post=208"}],"curies":[{"name":"wp","href":"https:\/\/api.w.org\/{rel}","templated":true}]}}