{"id":252,"date":"2024-09-27T13:31:06","date_gmt":"2024-09-27T12:31:06","guid":{"rendered":"https:\/\/voilareunion.re\/?page_id=252"},"modified":"2024-09-27T13:55:32","modified_gmt":"2024-09-27T12:55:32","slug":"location-de-voiture","status":"publish","type":"page","link":"https:\/\/voilareunion.re\/?page_id=252&lang=fr","title":{"rendered":"Location de voiture"},"content":{"rendered":"\n<div class=\"row\"  id=\"row-671595721\">\n\n\n\t<div id=\"col-718420908\" class=\"col medium-8 small-12 large-8\"  >\n\t\t\t\t<div class=\"col-inner\"  >\n\t\t\t\n\t\t\t\n\n<div class=\"container section-title-container\" ><h3 class=\"section-title section-title-normal\"><b><\/b><span class=\"section-title-main\" >Location de voiture \u00e0 la R\u00e9union<\/span><b><\/b><\/h3><\/div>\n\n\t<div class=\"img has-hover x md-x lg-x y md-y lg-y\" id=\"image_2040328584\">\n\t\t\t\t\t\t\t\t<div class=\"img-inner dark\" >\n\t\t\t<img loading=\"lazy\" decoding=\"async\" width=\"1020\" height=\"255\" src=\"https:\/\/voilareunion.re\/wp-content\/uploads\/2024\/08\/6-1024x256.jpg\" class=\"attachment-large size-large\" alt=\"\" srcset=\"https:\/\/voilareunion.re\/wp-content\/uploads\/2024\/08\/6-1024x256.jpg 1024w, https:\/\/voilareunion.re\/wp-content\/uploads\/2024\/08\/6-300x75.jpg 300w, https:\/\/voilareunion.re\/wp-content\/uploads\/2024\/08\/6-768x192.jpg 768w, https:\/\/voilareunion.re\/wp-content\/uploads\/2024\/08\/6-1536x384.jpg 1536w, https:\/\/voilareunion.re\/wp-content\/uploads\/2024\/08\/6.jpg 1584w\" sizes=\"auto, (max-width: 1020px) 100vw, 1020px\" \/>\t\t\t\t\t\t\n\t\t\t\t\t<\/div>\n\t\t\t\t\t\t\t\t\n<style>\n#image_2040328584 {\n  width: 100%;\n}\n<\/style>\n\t<\/div>\n\t\n\n<h2>Pourquoi louer une voiture \u00e0 La R\u00e9union est la meilleure option pour vos vacances<\/h2>\n<p>Louer une voiture \u00e0 La R\u00e9union est la solution id\u00e9ale pour d\u00e9couvrir cette \u00eele paradisiaque en toute libert\u00e9 et \u00e0 votre rythme. Entre paysages \u00e9poustouflants, plages secr\u00e8tes, et villages pittoresques, l\u2019\u00eele vous r\u00e9serve de nombreuses surprises. Avec une voiture de location, vous n\u2019avez plus \u00e0 d\u00e9pendre des transports en commun ou des horaires contraignants, et vous \u00eates libre de cr\u00e9er votre propre itin\u00e9raire.<\/p>\n<h3>Les avantages de la location de voiture \u00e0 La R\u00e9union<\/h3>\n<p>Opter pour une voiture de location \u00e0 La R\u00e9union pr\u00e9sente de nombreux avantages :<\/p>\n<ul>\n<li><strong>Flexibilit\u00e9 et ind\u00e9pendance<\/strong> : explorez l&#8217;\u00eele \u00e0 votre rythme, selon votre emploi du temps.<\/li>\n<li><strong>Confort<\/strong> : \u00e9vitez les attentes interminables pour les bus ou le risque de rater une place.<\/li>\n<li><strong>Accessibilit\u00e9<\/strong> : des agences de location r\u00e9put\u00e9es vous attendent d\u00e8s votre arriv\u00e9e \u00e0 l\u2019a\u00e9roport, ainsi que dans les principales villes.<\/li>\n<li><strong>Offres locales<\/strong> : en plus des grandes enseignes, vous avez la possibilit\u00e9 de louer aupr\u00e8s de prestataires priv\u00e9s pour une exp\u00e9rience plus authentique et souvent plus \u00e9conomique.<\/li>\n<\/ul>\n<h3>Le syst\u00e8me de bus : une alternative limit\u00e9e<\/h3>\n<p>Certes, La R\u00e9union dispose d\u2019un r\u00e9seau de bus. Toutefois, ce mode de transport exige patience et organisation. Les bus peuvent \u00eatre pleins, vous obligeant \u00e0 attendre le suivant, et les horaires ne sont pas toujours adapt\u00e9s aux besoins des voyageurs. De plus, il vous faudra rester vigilant pour signaler vos arr\u00eats, en appuyant sur un bouton ou m\u00eame en frappant des mains pour attirer l\u2019attention du chauffeur. Cela peut devenir une v\u00e9ritable aventure, mais n&#8217;est pas toujours la solution la plus pratique.<\/p>\n<h3>Location de voiture : libert\u00e9 garantie d\u00e8s l\u2019a\u00e9roport<\/h3>\n<p>En choisissant de louer une voiture, vous b\u00e9n\u00e9ficiez d&#8217;une libert\u00e9 totale. D\u00e8s votre arriv\u00e9e \u00e0 l\u2019a\u00e9roport, vous pouvez r\u00e9cup\u00e9rer votre v\u00e9hicule aupr\u00e8s des grandes agences que vous connaissez d\u00e9j\u00e0, comme celles pr\u00e9sentes partout en Europe. Vous trouverez \u00e9galement des agences locales dans toutes les grandes villes, offrant des v\u00e9hicules adapt\u00e9s \u00e0 vos besoins.<\/p>\n<h3>Prestataires priv\u00e9s : une alternative authentique<\/h3>\n<p>Vous souhaitez une option plus personnalis\u00e9e et peut-\u00eatre moins co\u00fbteuse\u00a0? De nombreux prestataires priv\u00e9s proposent des services de location via des plateformes locales. En plus de soutenir les entreprises locales, cela peut aussi vous offrir une exp\u00e9rience plus authentique.<\/p>\n<h3>Conclusion : louez une voiture \u00e0 La R\u00e9union et partez \u00e0 l\u2019aventure<\/h3>\n<p>Louer une voiture \u00e0 La R\u00e9union est, sans aucun doute, la meilleure mani\u00e8re d&#8217;explorer ses merveilles. Que vous r\u00eaviez de randonner dans les cirques majestueux, de vous d\u00e9tendre sur des plages sauvages ou de fl\u00e2ner dans les villages cr\u00e9oles, une voiture de location vous assure une totale libert\u00e9.<\/p>\n<p>Ne passez pas \u00e0 c\u00f4t\u00e9 de cette chance de vivre une exp\u00e9rience inoubliable sur l\u2019\u00eele. <strong>R\u00e9servez d\u00e8s maintenant votre voiture de location et pr\u00e9parez-vous \u00e0 explorer les tr\u00e9sors cach\u00e9s de La R\u00e9union !<\/strong> \ud83c\udf0d\ud83d\ude97<\/p>\n\t<div class=\"img has-hover x md-x lg-x y md-y lg-y\" id=\"image_37445506\">\n\t\t\t\t\t\t\t\t<div class=\"img-inner dark\" >\n\t\t\t<img loading=\"lazy\" decoding=\"async\" width=\"679\" height=\"396\" src=\"https:\/\/voilareunion.re\/wp-content\/uploads\/2024\/07\/AutovermietungTropic.png\" class=\"attachment-large size-large\" alt=\"\" srcset=\"https:\/\/voilareunion.re\/wp-content\/uploads\/2024\/07\/AutovermietungTropic.png 679w, https:\/\/voilareunion.re\/wp-content\/uploads\/2024\/07\/AutovermietungTropic-300x175.png 300w\" sizes=\"auto, (max-width: 679px) 100vw, 679px\" \/>\t\t\t\t\t\t\n\t\t\t\t\t<\/div>\n\t\t\t\t\t\t\t\t\n<style>\n#image_37445506 {\n  width: 100%;\n}\n<\/style>\n\t<\/div>\n\t\n\n\n\t\t<\/div>\n\t\t\t\t\t<\/div>\n\n\t\n\n\t<div id=\"col-1269491473\" class=\"col medium-4 small-12 large-4\"  >\n\t\t\t\t<div class=\"col-inner\"  >\n\t\t\t\n\t\t\t\n\n<div class=\"row\"  id=\"row-441049306\">\n\n\n\t<div id=\"col-2045643657\" class=\"col small-12 large-12\"  >\n\t\t\t\t<div class=\"col-inner\"  >\n\t\t\t\n\t\t\t\n\n<div class=\"container section-title-container\" ><h3 class=\"section-title section-title-normal\"><b><\/b><span class=\"section-title-main\" >Nos tours guid\u00e9s<\/span><b><\/b><\/h3><\/div>\n\n\t<div class=\"img has-hover x md-x lg-x y md-y lg-y\" id=\"image_461140378\">\n\t\t<a class=\"\" href=\"https:\/\/voilareunion.re\/visites-et-activites-a-la-reunion\/?lang=fr\" >\t\t\t\t\t\t<div class=\"img-inner dark\" >\n\t\t\t<img loading=\"lazy\" decoding=\"async\" width=\"1020\" height=\"255\" src=\"https:\/\/voilareunion.re\/wp-content\/uploads\/2024\/08\/8-1024x256.jpg\" class=\"attachment-large size-large\" alt=\"\" srcset=\"https:\/\/voilareunion.re\/wp-content\/uploads\/2024\/08\/8-1024x256.jpg 1024w, https:\/\/voilareunion.re\/wp-content\/uploads\/2024\/08\/8-300x75.jpg 300w, https:\/\/voilareunion.re\/wp-content\/uploads\/2024\/08\/8-768x192.jpg 768w, https:\/\/voilareunion.re\/wp-content\/uploads\/2024\/08\/8-1536x384.jpg 1536w, https:\/\/voilareunion.re\/wp-content\/uploads\/2024\/08\/8.jpg 1584w\" sizes=\"auto, (max-width: 1020px) 100vw, 1020px\" \/>\t\t\t\t\t\t\n\t\t\t\t\t<\/div>\n\t\t\t\t\t\t<\/a>\t\t\n<style>\n#image_461140378 {\n  width: 100%;\n}\n<\/style>\n\t<\/div>\n\t\n\n\t<div class=\"img has-hover x md-x lg-x y md-y lg-y\" id=\"image_200654995\">\n\t\t<a class=\"\" href=\"https:\/\/voilareunion.re\/forfaits-vacances-a-la-reunion\/?lang=fr\" >\t\t\t\t\t\t<div class=\"img-inner dark\" >\n\t\t\t<img loading=\"lazy\" decoding=\"async\" width=\"1020\" height=\"255\" src=\"https:\/\/voilareunion.re\/wp-content\/uploads\/2024\/08\/3-1024x256.jpg\" class=\"attachment-large size-large\" alt=\"\" srcset=\"https:\/\/voilareunion.re\/wp-content\/uploads\/2024\/08\/3-1024x256.jpg 1024w, https:\/\/voilareunion.re\/wp-content\/uploads\/2024\/08\/3-300x75.jpg 300w, https:\/\/voilareunion.re\/wp-content\/uploads\/2024\/08\/3-768x192.jpg 768w, https:\/\/voilareunion.re\/wp-content\/uploads\/2024\/08\/3-1536x384.jpg 1536w, https:\/\/voilareunion.re\/wp-content\/uploads\/2024\/08\/3.jpg 1584w\" sizes=\"auto, (max-width: 1020px) 100vw, 1020px\" \/>\t\t\t\t\t\t\n\t\t\t\t\t<\/div>\n\t\t\t\t\t\t<\/a>\t\t\n<style>\n#image_200654995 {\n  width: 100%;\n}\n<\/style>\n\t<\/div>\n\t\n\n\t<div class=\"img has-hover x md-x lg-x y md-y lg-y\" id=\"image_1034186036\">\n\t\t<a class=\"\" href=\"https:\/\/voilareunion.re\/fluege-nach-der-insel-reunion\/?lang=fr\" >\t\t\t\t\t\t<div class=\"img-inner dark\" >\n\t\t\t<img loading=\"lazy\" decoding=\"async\" width=\"1020\" height=\"255\" src=\"https:\/\/voilareunion.re\/wp-content\/uploads\/2024\/08\/10-1024x256.jpg\" class=\"attachment-large size-large\" alt=\"\" srcset=\"https:\/\/voilareunion.re\/wp-content\/uploads\/2024\/08\/10-1024x256.jpg 1024w, https:\/\/voilareunion.re\/wp-content\/uploads\/2024\/08\/10-300x75.jpg 300w, https:\/\/voilareunion.re\/wp-content\/uploads\/2024\/08\/10-768x192.jpg 768w, https:\/\/voilareunion.re\/wp-content\/uploads\/2024\/08\/10-1536x384.jpg 1536w, https:\/\/voilareunion.re\/wp-content\/uploads\/2024\/08\/10.jpg 1584w\" sizes=\"auto, (max-width: 1020px) 100vw, 1020px\" \/>\t\t\t\t\t\t\n\t\t\t\t\t<\/div>\n\t\t\t\t\t\t<\/a>\t\t\n<style>\n#image_1034186036 {\n  width: 100%;\n}\n<\/style>\n\t<\/div>\n\t\n\n\t<div class=\"img has-hover x md-x lg-x y md-y lg-y\" id=\"image_1180023788\">\n\t\t<a class=\"\" href=\"https:\/\/voilareunion.re\/vacances-de-reve\/?lang=fr\" >\t\t\t\t\t\t<div class=\"img-inner dark\" >\n\t\t\t<img loading=\"lazy\" decoding=\"async\" width=\"1020\" height=\"255\" src=\"https:\/\/voilareunion.re\/wp-content\/uploads\/2024\/08\/2-1024x256.jpg\" class=\"attachment-large size-large\" alt=\"\" srcset=\"https:\/\/voilareunion.re\/wp-content\/uploads\/2024\/08\/2-1024x256.jpg 1024w, https:\/\/voilareunion.re\/wp-content\/uploads\/2024\/08\/2-300x75.jpg 300w, https:\/\/voilareunion.re\/wp-content\/uploads\/2024\/08\/2-768x192.jpg 768w, https:\/\/voilareunion.re\/wp-content\/uploads\/2024\/08\/2-1536x384.jpg 1536w, https:\/\/voilareunion.re\/wp-content\/uploads\/2024\/08\/2.jpg 1584w\" sizes=\"auto, (max-width: 1020px) 100vw, 1020px\" \/>\t\t\t\t\t\t\n\t\t\t\t\t<\/div>\n\t\t\t\t\t\t<\/a>\t\t\n<style>\n#image_1180023788 {\n  width: 100%;\n}\n<\/style>\n\t<\/div>\n\t\n\n\t<div class=\"img has-hover x md-x lg-x y md-y lg-y\" id=\"image_516149061\">\n\t\t<a class=\"\" href=\"https:\/\/voilareunion.re\/location-de-voiture\/?lang=fr\" >\t\t\t\t\t\t<div class=\"img-inner dark\" >\n\t\t\t<img loading=\"lazy\" decoding=\"async\" width=\"1020\" height=\"255\" src=\"https:\/\/voilareunion.re\/wp-content\/uploads\/2024\/08\/6-1024x256.jpg\" class=\"attachment-large size-large\" alt=\"\" srcset=\"https:\/\/voilareunion.re\/wp-content\/uploads\/2024\/08\/6-1024x256.jpg 1024w, https:\/\/voilareunion.re\/wp-content\/uploads\/2024\/08\/6-300x75.jpg 300w, https:\/\/voilareunion.re\/wp-content\/uploads\/2024\/08\/6-768x192.jpg 768w, https:\/\/voilareunion.re\/wp-content\/uploads\/2024\/08\/6-1536x384.jpg 1536w, https:\/\/voilareunion.re\/wp-content\/uploads\/2024\/08\/6.jpg 1584w\" sizes=\"auto, (max-width: 1020px) 100vw, 1020px\" \/>\t\t\t\t\t\t\n\t\t\t\t\t<\/div>\n\t\t\t\t\t\t<\/a>\t\t\n<style>\n#image_516149061 {\n  width: 100%;\n}\n<\/style>\n\t<\/div>\n\t\n\n\t<div id=\"gap-1344529082\" class=\"gap-element clearfix\" style=\"display:block; height:auto;\">\n\t\t\n<style>\n#gap-1344529082 {\n  padding-top: 50px;\n}\n<\/style>\n\t<\/div>\n\t\n\n<div class=\"container section-title-container\" ><h3 class=\"section-title section-title-normal\"><b><\/b><span class=\"section-title-main\" >Blog<\/span><b><\/b><\/h3><\/div>\n\n\n  \n    <div class=\"row large-columns-2 medium-columns-1 small-columns-1 slider row-slider slider-nav-reveal slider-nav-push\"  data-flickity-options='{&quot;imagesLoaded&quot;: true, &quot;groupCells&quot;: &quot;100%&quot;, &quot;dragThreshold&quot; : 5, &quot;cellAlign&quot;: &quot;left&quot;,&quot;wrapAround&quot;: true,&quot;prevNextButtons&quot;: true,&quot;percentPosition&quot;: true,&quot;pageDots&quot;: false, &quot;rightToLeft&quot;: false, &quot;autoPlay&quot; : false}' >\n\n  <div class=\"col post-item\" >\n\t\t\t<div class=\"col-inner\">\n\t\t\t\t<div class=\"box box-normal box-text-bottom box-blog-post has-hover\">\n            \t\t\t\t\t<div class=\"box-image\" >\n  \t\t\t\t\t\t<div class=\"image-cover\" style=\"padding-top:56.25%;\">\n\t\t\t\t\t\t\t<a href=\"https:\/\/voilareunion.re\/?p=1217\" class=\"plain\" aria-label=\"Wer ist Grand-m\u00e8re Kalle? Das Geheimnis der unheimlichsten Legende von La R\u00e9union\">\n\t\t\t\t\t\t\t\t<img loading=\"lazy\" decoding=\"async\" width=\"300\" height=\"300\" src=\"https:\/\/voilareunion.re\/wp-content\/uploads\/2024\/10\/3-300x300.png\" class=\"attachment-medium size-medium wp-post-image\" alt=\"SagenLaReunnion\" srcset=\"https:\/\/voilareunion.re\/wp-content\/uploads\/2024\/10\/3-300x300.png 300w, https:\/\/voilareunion.re\/wp-content\/uploads\/2024\/10\/3-1024x1024.png 1024w, https:\/\/voilareunion.re\/wp-content\/uploads\/2024\/10\/3-150x150.png 150w, https:\/\/voilareunion.re\/wp-content\/uploads\/2024\/10\/3-768x768.png 768w, https:\/\/voilareunion.re\/wp-content\/uploads\/2024\/10\/3.png 1080w\" sizes=\"auto, (max-width: 300px) 100vw, 300px\" \/>\t\t\t\t\t\t\t<\/a>\n  \t\t\t\t\t\t\t  \t\t\t\t\t\t\t  \t\t\t\t\t\t<\/div>\n  \t\t\t\t\t\t  \t\t\t\t\t<\/div>\n          \t\t\t\t\t<div class=\"box-text text-center\" >\n\t\t\t\t\t<div class=\"box-text-inner blog-post-inner\">\n\n\t\t\t\t\t\n\t\t\t\t\t\t\t\t\t\t<h5 class=\"post-title is-large \">\n\t\t\t\t\t\t<a href=\"https:\/\/voilareunion.re\/?p=1217\" class=\"plain\">Wer ist Grand-m\u00e8re Kalle? Das Geheimnis der unheimlichsten Legende von La R\u00e9union<\/a>\n\t\t\t\t\t<\/h5>\n\t\t\t\t\t\t\t\t\t\t<div class=\"is-divider\"><\/div>\n\t\t\t\t\t                    \n\t\t\t\t\t\n\t\t\t\t\t\n\t\t\t\t\t<\/div>\n\t\t\t\t\t<\/div>\n\t\t\t\t\t\t\t\t\t<\/div>\n\t\t\t<\/div>\n\t\t<\/div><div class=\"col post-item\" >\n\t\t\t<div class=\"col-inner\">\n\t\t\t\t<div class=\"box box-normal box-text-bottom box-blog-post has-hover\">\n            \t\t\t\t\t<div class=\"box-image\" >\n  \t\t\t\t\t\t<div class=\"image-cover\" style=\"padding-top:56.25%;\">\n\t\t\t\t\t\t\t<a href=\"https:\/\/voilareunion.re\/?p=1177\" class=\"plain\" aria-label=\"Der Talkessel Cilaos: Ein idyllisches Bergparadies auf R\u00e9union\">\n\t\t\t\t\t\t\t\t<img loading=\"lazy\" decoding=\"async\" width=\"300\" height=\"202\" src=\"https:\/\/voilareunion.re\/wp-content\/uploads\/2024\/10\/Cilaos-1-300x202.png\" class=\"attachment-medium size-medium wp-post-image\" alt=\"Der Talkessel Cilaos\" srcset=\"https:\/\/voilareunion.re\/wp-content\/uploads\/2024\/10\/Cilaos-1-300x202.png 300w, https:\/\/voilareunion.re\/wp-content\/uploads\/2024\/10\/Cilaos-1-1024x690.png 1024w, https:\/\/voilareunion.re\/wp-content\/uploads\/2024\/10\/Cilaos-1-768x518.png 768w, https:\/\/voilareunion.re\/wp-content\/uploads\/2024\/10\/Cilaos-1.png 1080w\" sizes=\"auto, (max-width: 300px) 100vw, 300px\" \/>\t\t\t\t\t\t\t<\/a>\n  \t\t\t\t\t\t\t  \t\t\t\t\t\t\t  \t\t\t\t\t\t<\/div>\n  \t\t\t\t\t\t  \t\t\t\t\t<\/div>\n          \t\t\t\t\t<div class=\"box-text text-center\" >\n\t\t\t\t\t<div class=\"box-text-inner blog-post-inner\">\n\n\t\t\t\t\t\n\t\t\t\t\t\t\t\t\t\t<h5 class=\"post-title is-large \">\n\t\t\t\t\t\t<a href=\"https:\/\/voilareunion.re\/?p=1177\" class=\"plain\">Der Talkessel Cilaos: Ein idyllisches Bergparadies auf R\u00e9union<\/a>\n\t\t\t\t\t<\/h5>\n\t\t\t\t\t\t\t\t\t\t<div class=\"is-divider\"><\/div>\n\t\t\t\t\t                    \n\t\t\t\t\t\n\t\t\t\t\t\n\t\t\t\t\t<\/div>\n\t\t\t\t\t<\/div>\n\t\t\t\t\t\t\t\t\t<\/div>\n\t\t\t<\/div>\n\t\t<\/div><div class=\"col post-item\" >\n\t\t\t<div class=\"col-inner\">\n\t\t\t\t<div class=\"box box-normal box-text-bottom box-blog-post has-hover\">\n            \t\t\t\t\t<div class=\"box-image\" >\n  \t\t\t\t\t\t<div class=\"image-cover\" style=\"padding-top:56.25%;\">\n\t\t\t\t\t\t\t<a href=\"https:\/\/voilareunion.re\/?p=1139\" class=\"plain\" aria-label=\"Wale in La R\u00e9union: Ein Wunder der Natur\">\n\t\t\t\t\t\t\t\t<img loading=\"lazy\" decoding=\"async\" width=\"300\" height=\"247\" src=\"https:\/\/voilareunion.re\/wp-content\/uploads\/2024\/10\/PicWhaleVideo-1-300x247.jpg\" class=\"attachment-medium size-medium wp-post-image\" alt=\"\" srcset=\"https:\/\/voilareunion.re\/wp-content\/uploads\/2024\/10\/PicWhaleVideo-1-300x247.jpg 300w, https:\/\/voilareunion.re\/wp-content\/uploads\/2024\/10\/PicWhaleVideo-1.jpg 524w\" sizes=\"auto, (max-width: 300px) 100vw, 300px\" \/>\t\t\t\t\t\t\t<\/a>\n  \t\t\t\t\t\t\t  \t\t\t\t\t\t\t  \t\t\t\t\t\t<\/div>\n  \t\t\t\t\t\t  \t\t\t\t\t<\/div>\n          \t\t\t\t\t<div class=\"box-text text-center\" >\n\t\t\t\t\t<div class=\"box-text-inner blog-post-inner\">\n\n\t\t\t\t\t\n\t\t\t\t\t\t\t\t\t\t<h5 class=\"post-title is-large \">\n\t\t\t\t\t\t<a href=\"https:\/\/voilareunion.re\/?p=1139\" class=\"plain\">Wale in La R\u00e9union: Ein Wunder der Natur<\/a>\n\t\t\t\t\t<\/h5>\n\t\t\t\t\t\t\t\t\t\t<div class=\"is-divider\"><\/div>\n\t\t\t\t\t                    \n\t\t\t\t\t\n\t\t\t\t\t\n\t\t\t\t\t<\/div>\n\t\t\t\t\t<\/div>\n\t\t\t\t\t\t\t\t\t<\/div>\n\t\t\t<\/div>\n\t\t<\/div><div class=\"col post-item\" >\n\t\t\t<div class=\"col-inner\">\n\t\t\t\t<div class=\"box box-normal box-text-bottom box-blog-post has-hover\">\n            \t\t\t\t\t<div class=\"box-image\" >\n  \t\t\t\t\t\t<div class=\"image-cover\" style=\"padding-top:56.25%;\">\n\t\t\t\t\t\t\t<a href=\"https:\/\/voilareunion.re\/?p=1109\" class=\"plain\" aria-label=\"Wetter auf La R\u00e9union: Ein umfassender \u00dcberblick\">\n\t\t\t\t\t\t\t\t<img loading=\"lazy\" decoding=\"async\" width=\"300\" height=\"75\" src=\"https:\/\/voilareunion.re\/wp-content\/uploads\/2024\/10\/WeatherReunion-300x75.jpg\" class=\"attachment-medium size-medium wp-post-image\" alt=\"\" srcset=\"https:\/\/voilareunion.re\/wp-content\/uploads\/2024\/10\/WeatherReunion-300x75.jpg 300w, https:\/\/voilareunion.re\/wp-content\/uploads\/2024\/10\/WeatherReunion-1024x256.jpg 1024w, https:\/\/voilareunion.re\/wp-content\/uploads\/2024\/10\/WeatherReunion-768x192.jpg 768w, https:\/\/voilareunion.re\/wp-content\/uploads\/2024\/10\/WeatherReunion-1536x384.jpg 1536w, https:\/\/voilareunion.re\/wp-content\/uploads\/2024\/10\/WeatherReunion.jpg 1584w\" sizes=\"auto, (max-width: 300px) 100vw, 300px\" \/>\t\t\t\t\t\t\t<\/a>\n  \t\t\t\t\t\t\t  \t\t\t\t\t\t\t  \t\t\t\t\t\t<\/div>\n  \t\t\t\t\t\t  \t\t\t\t\t<\/div>\n          \t\t\t\t\t<div class=\"box-text text-center\" >\n\t\t\t\t\t<div class=\"box-text-inner blog-post-inner\">\n\n\t\t\t\t\t\n\t\t\t\t\t\t\t\t\t\t<h5 class=\"post-title is-large \">\n\t\t\t\t\t\t<a href=\"https:\/\/voilareunion.re\/?p=1109\" class=\"plain\">Wetter auf La R\u00e9union: Ein umfassender \u00dcberblick<\/a>\n\t\t\t\t\t<\/h5>\n\t\t\t\t\t\t\t\t\t\t<div class=\"is-divider\"><\/div>\n\t\t\t\t\t                    \n\t\t\t\t\t\n\t\t\t\t\t\n\t\t\t\t\t<\/div>\n\t\t\t\t\t<\/div>\n\t\t\t\t\t\t\t\t\t<\/div>\n\t\t\t<\/div>\n\t\t<\/div><div class=\"col post-item\" >\n\t\t\t<div class=\"col-inner\">\n\t\t\t\t<div class=\"box box-normal box-text-bottom box-blog-post has-hover\">\n            \t\t\t\t\t<div class=\"box-image\" >\n  \t\t\t\t\t\t<div class=\"image-cover\" style=\"padding-top:56.25%;\">\n\t\t\t\t\t\t\t<a href=\"https:\/\/voilareunion.re\/?p=268\" class=\"plain\" aria-label=\"Fl\u00fcge nach La Reunion: Ihr Guide zur Anreise\">\n\t\t\t\t\t\t\t\t<img loading=\"lazy\" decoding=\"async\" width=\"300\" height=\"200\" src=\"https:\/\/voilareunion.re\/wp-content\/uploads\/2024\/04\/Reunion-300x200.jpg\" class=\"attachment-medium size-medium wp-post-image\" alt=\"\" srcset=\"https:\/\/voilareunion.re\/wp-content\/uploads\/2024\/04\/Reunion-300x200.jpg 300w, https:\/\/voilareunion.re\/wp-content\/uploads\/2024\/04\/Reunion-1024x681.jpg 1024w, https:\/\/voilareunion.re\/wp-content\/uploads\/2024\/04\/Reunion-768x511.jpg 768w, https:\/\/voilareunion.re\/wp-content\/uploads\/2024\/04\/Reunion-1536x1022.jpg 1536w, https:\/\/voilareunion.re\/wp-content\/uploads\/2024\/04\/Reunion-2048x1362.jpg 2048w\" sizes=\"auto, (max-width: 300px) 100vw, 300px\" \/>\t\t\t\t\t\t\t<\/a>\n  \t\t\t\t\t\t\t  \t\t\t\t\t\t\t  \t\t\t\t\t\t<\/div>\n  \t\t\t\t\t\t  \t\t\t\t\t<\/div>\n          \t\t\t\t\t<div class=\"box-text text-center\" >\n\t\t\t\t\t<div class=\"box-text-inner blog-post-inner\">\n\n\t\t\t\t\t\n\t\t\t\t\t\t\t\t\t\t<h5 class=\"post-title is-large \">\n\t\t\t\t\t\t<a href=\"https:\/\/voilareunion.re\/?p=268\" class=\"plain\">Fl\u00fcge nach La Reunion: Ihr Guide zur Anreise<\/a>\n\t\t\t\t\t<\/h5>\n\t\t\t\t\t\t\t\t\t\t<div class=\"is-divider\"><\/div>\n\t\t\t\t\t                    \n\t\t\t\t\t\n\t\t\t\t\t\n\t\t\t\t\t<\/div>\n\t\t\t\t\t<\/div>\n\t\t\t\t\t\t\t\t\t<\/div>\n\t\t\t<\/div>\n\t\t<\/div><div class=\"col post-item\" >\n\t\t\t<div class=\"col-inner\">\n\t\t\t\t<div class=\"box box-normal box-text-bottom box-blog-post has-hover\">\n            \t\t\t\t\t<div class=\"box-image\" >\n  \t\t\t\t\t\t<div class=\"image-cover\" style=\"padding-top:56.25%;\">\n\t\t\t\t\t\t\t<a href=\"https:\/\/voilareunion.re\/?p=542\" class=\"plain\" aria-label=\"Der Vulkan auf der Insel La R\u00e9union: Ein Naturspektakel der Extraklasse\">\n\t\t\t\t\t\t\t\t<img loading=\"lazy\" decoding=\"async\" width=\"300\" height=\"161\" src=\"https:\/\/voilareunion.re\/wp-content\/uploads\/2024\/07\/volcano-reunion123-300x161.jpg\" class=\"attachment-medium size-medium wp-post-image\" alt=\"\" srcset=\"https:\/\/voilareunion.re\/wp-content\/uploads\/2024\/07\/volcano-reunion123-300x161.jpg 300w, https:\/\/voilareunion.re\/wp-content\/uploads\/2024\/07\/volcano-reunion123-768x413.jpg 768w, https:\/\/voilareunion.re\/wp-content\/uploads\/2024\/07\/volcano-reunion123.jpg 1000w\" sizes=\"auto, (max-width: 300px) 100vw, 300px\" \/>\t\t\t\t\t\t\t<\/a>\n  \t\t\t\t\t\t\t  \t\t\t\t\t\t\t  \t\t\t\t\t\t<\/div>\n  \t\t\t\t\t\t  \t\t\t\t\t<\/div>\n          \t\t\t\t\t<div class=\"box-text text-center\" >\n\t\t\t\t\t<div class=\"box-text-inner blog-post-inner\">\n\n\t\t\t\t\t\n\t\t\t\t\t\t\t\t\t\t<h5 class=\"post-title is-large \">\n\t\t\t\t\t\t<a href=\"https:\/\/voilareunion.re\/?p=542\" class=\"plain\">Der Vulkan auf der Insel La R\u00e9union: Ein Naturspektakel der Extraklasse<\/a>\n\t\t\t\t\t<\/h5>\n\t\t\t\t\t\t\t\t\t\t<div class=\"is-divider\"><\/div>\n\t\t\t\t\t                    \n\t\t\t\t\t\n\t\t\t\t\t\n\t\t\t\t\t<\/div>\n\t\t\t\t\t<\/div>\n\t\t\t\t\t\t\t\t\t<\/div>\n\t\t\t<\/div>\n\t\t<\/div><div class=\"col post-item\" >\n\t\t\t<div class=\"col-inner\">\n\t\t\t\t<div class=\"box box-normal box-text-bottom box-blog-post has-hover\">\n            \t\t\t\t\t<div class=\"box-image\" >\n  \t\t\t\t\t\t<div class=\"image-cover\" style=\"padding-top:56.25%;\">\n\t\t\t\t\t\t\t<a href=\"https:\/\/voilareunion.re\/?p=131\" class=\"plain\" aria-label=\"Die Bourbon-Vanille und die Vanilleplantagen auf La Reunion\">\n\t\t\t\t\t\t\t\t<img loading=\"lazy\" decoding=\"async\" width=\"300\" height=\"202\" src=\"https:\/\/voilareunion.re\/wp-content\/uploads\/2024\/07\/Vanilla-Pods-300x202.png\" class=\"attachment-medium size-medium wp-post-image\" alt=\"\" srcset=\"https:\/\/voilareunion.re\/wp-content\/uploads\/2024\/07\/Vanilla-Pods-300x202.png 300w, https:\/\/voilareunion.re\/wp-content\/uploads\/2024\/07\/Vanilla-Pods.png 589w\" sizes=\"auto, (max-width: 300px) 100vw, 300px\" \/>\t\t\t\t\t\t\t<\/a>\n  \t\t\t\t\t\t\t  \t\t\t\t\t\t\t  \t\t\t\t\t\t<\/div>\n  \t\t\t\t\t\t  \t\t\t\t\t<\/div>\n          \t\t\t\t\t<div class=\"box-text text-center\" >\n\t\t\t\t\t<div class=\"box-text-inner blog-post-inner\">\n\n\t\t\t\t\t\n\t\t\t\t\t\t\t\t\t\t<h5 class=\"post-title is-large \">\n\t\t\t\t\t\t<a href=\"https:\/\/voilareunion.re\/?p=131\" class=\"plain\">Die Bourbon-Vanille und die Vanilleplantagen auf La Reunion<\/a>\n\t\t\t\t\t<\/h5>\n\t\t\t\t\t\t\t\t\t\t<div class=\"is-divider\"><\/div>\n\t\t\t\t\t                    \n\t\t\t\t\t\n\t\t\t\t\t\n\t\t\t\t\t<\/div>\n\t\t\t\t\t<\/div>\n\t\t\t\t\t\t\t\t\t<\/div>\n\t\t\t<\/div>\n\t\t<\/div><\/div>\n\n\n\t\t<\/div>\n\t\t\t\t\t<\/div>\n\n\t\n\n<\/div>\n\n\n\t\t<\/div>\n\t\t\t\t\t<\/div>\n\n\t\n\n<\/div>\n\n","protected":false},"excerpt":{"rendered":"","protected":false},"author":2,"featured_media":0,"parent":0,"menu_order":0,"comment_status":"closed","ping_status":"closed","template":"","meta":{"footnotes":""},"yst_prominent_words":[36],"class_list":["post-252","page","type-page","status-publish","hentry"],"_links":{"self":[{"href":"https:\/\/voilareunion.re\/index.php?rest_route=\/wp\/v2\/pages\/252","targetHints":{"allow":["GET"]}}],"collection":[{"href":"https:\/\/voilareunion.re\/index.php?rest_route=\/wp\/v2\/pages"}],"about":[{"href":"https:\/\/voilareunion.re\/index.php?rest_route=\/wp\/v2\/types\/page"}],"author":[{"embeddable":true,"href":"https:\/\/voilareunion.re\/index.php?rest_route=\/wp\/v2\/users\/2"}],"replies":[{"embeddable":true,"href":"https:\/\/voilareunion.re\/index.php?rest_route=%2Fwp%2Fv2%2Fcomments&post=252"}],"version-history":[{"count":7,"href":"https:\/\/voilareunion.re\/index.php?rest_route=\/wp\/v2\/pages\/252\/revisions"}],"predecessor-version":[{"id":1072,"href":"https:\/\/voilareunion.re\/index.php?rest_route=\/wp\/v2\/pages\/252\/revisions\/1072"}],"wp:attachment":[{"href":"https:\/\/voilareunion.re\/index.php?rest_route=%2Fwp%2Fv2%2Fmedia&parent=252"}],"wp:term":[{"taxonomy":"yst_prominent_words","embeddable":true,"href":"https:\/\/voilareunion.re\/index.php?rest_route=%2Fwp%2Fv2%2Fyst_prominent_words&post=252"}],"curies":[{"name":"wp","href":"https:\/\/api.w.org\/{rel}","templated":true}]}}